{"id":1494,"date":"2019-04-11T20:39:25","date_gmt":"2019-04-11T19:39:25","guid":{"rendered":"https:\/\/fireplace-installation.co.uk\/?page_id=1494"},"modified":"2019-05-18T19:48:39","modified_gmt":"2019-05-18T18:48:39","slug":"o-firmie","status":"publish","type":"page","link":"https:\/\/fireplace-installation.co.uk\/pol\/o-firmie\/","title":{"rendered":"O Firmie"},"content":{"rendered":"<p>[et_pb_section fb_built=&#8221;1&#8243; _builder_version=&#8221;3.22.3&#8243; background_color=&#8221;#DFD0A9&#8243; custom_margin=&#8221;0px||0px|&#8221;][et_pb_row use_custom_gutter=&#8221;on&#8221; gutter_width=&#8221;1&#8243; custom_padding=&#8221;27px|0px|27px|0&#8243; module_class=&#8221; et_pb_row_fullwidth et_pb_row_fullwidth et_pb_row_fullwidth&#8221; _builder_version=&#8221;3.22.3&#8243; background_color=&#8221;#DBC296&#8243; background_size=&#8221;initial&#8221; background_position=&#8221;top_left&#8221; background_repeat=&#8221;repeat&#8221; width=&#8221;100%&#8221; width_tablet=&#8221;100%&#8221; width_last_edited=&#8221;on|desktop&#8221; max_width=&#8221;100%&#8221; max_width_tablet=&#8221;100%&#8221; max_width_last_edited=&#8221;on|desktop&#8221; module_alignment=&#8221;center&#8221; animation_style=&#8221;slide&#8221; animation_direction=&#8221;left&#8221; make_fullwidth=&#8221;on&#8221;][et_pb_column type=&#8221;4_4&#8243; _builder_version=&#8221;3.0.47&#8243;][et_pb_text admin_label=&#8221;O Firmie Text&#8221; _builder_version=&#8221;3.19.17&#8243; header_font_size=&#8221;34px&#8221; header_text_shadow_style=&#8221;preset4&#8243;]<\/p>\n<h1 style=\"text-align: center;\">O Firmie<\/h1>\n<p>[\/et_pb_text][\/et_pb_column][\/et_pb_row][et_pb_row _builder_version=&#8221;3.22.3&#8243;][et_pb_column type=&#8221;4_4&#8243; _builder_version=&#8221;3.0.47&#8243;][et_pb_text admin_label=&#8221;Historia firmy MK Solutions zacz\u0119\u0142a si\u0119 dawno temu Text&#8221; _builder_version=&#8221;3.19.17&#8243;]<\/p>\n<h2>Historia firmy <a href=\"https:\/\/fireplace-installation.co.uk\/pol\/\">MK<\/a> Solutions\u00a0zacz\u0119\u0142a si\u0119 dawno temu<\/h2>\n<p>&nbsp;<\/p>\n<h3>Pami\u0119tam dobrze ten zimny, pochmurny wiecz\u00f3r&#8230;<\/h3>\n<p>Na zewn\u0105trz domu Mojego Dziadka porywisty wiatr wy\u0142 w koronach drzew, a g\u0119sty deszcz wali\u0142 w okna, podczas gdy ja siedzia\u0142em w Jego ulubionym fotelu, wpatrzony w j\u0119zyki ognia weso\u0142o ta\u0144cz\u0105ce w kominku.<\/p>\n<p>Do dzi\u015b czuj\u0119 to bezpieczne, naturalne ciep\u0142o, spok\u00f3j, zapach p\u0142on\u0105cego drewna i smak przepysznej gor\u0105cej czekolady, kt\u00f3r\u0105 Babcia poda\u0142a mi w wielkim czerwonym kubku.<\/p>\n<p>[\/et_pb_text][\/et_pb_column][\/et_pb_row][et_pb_row _builder_version=&#8221;3.22.3&#8243; background_size=&#8221;initial&#8221; background_position=&#8221;top_left&#8221; background_repeat=&#8221;repeat&#8221;][et_pb_column type=&#8221;4_4&#8243; _builder_version=&#8221;3.0.47&#8243;][et_pb_image src=&#8221;https:\/\/fireplace-installation.co.uk\/pol\/wp-content\/uploads\/2019\/04\/www.mkfireplace.co_.uk_.jpg&#8221; align=&#8221;center&#8221; _builder_version=&#8221;3.19.17&#8243; border_radii=&#8221;on|10px|10px|10px|10px&#8221; box_shadow_style=&#8221;preset1&#8243;][\/et_pb_image][\/et_pb_column][\/et_pb_row][et_pb_row custom_padding=&#8221;27px|0px|3px|0px|false|false&#8221; _builder_version=&#8221;3.22.3&#8243; background_size=&#8221;initial&#8221; background_position=&#8221;top_left&#8221; background_repeat=&#8221;repeat&#8221;][et_pb_column type=&#8221;4_4&#8243; _builder_version=&#8221;3.0.47&#8243;][et_pb_text admin_label=&#8221;M\u00f3j Dziadek Antoni by\u0142 zdunem Text&#8221; _builder_version=&#8221;3.19.17&#8243;]<\/p>\n<h2>M\u00f3j Dziadek Antoni by\u0142 zdunem i odk\u0105d pami\u0119tam budowa\u0142 piece i kominki<\/h2>\n<p>Kiedy nie mia\u0142em szko\u0142y, pomaga\u0142em mu w drobnych pracach. Uwielbia\u0142em to, bo wiedzia\u0142em, \u017ce pomagam robi\u0107 co\u015b bardzo dobrego. Dodatkowo zawsze mog\u0142em liczy\u0107 na kolejny kubek s\u0142odkiej czekolady, czy kakao.<\/p>\n<p>&nbsp;<\/p>\n<p>[\/et_pb_text][\/et_pb_column][\/et_pb_row][et_pb_row custom_padding=&#8221;0|0px|0|0px|false|false&#8221; _builder_version=&#8221;3.22.3&#8243; background_size=&#8221;initial&#8221; background_position=&#8221;top_left&#8221; background_repeat=&#8221;repeat&#8221;][et_pb_column type=&#8221;2_3&#8243; _builder_version=&#8221;3.0.47&#8243;][et_pb_divider show_divider=&#8221;off&#8221; _builder_version=&#8221;3.19.1&#8243;][\/et_pb_divider][et_pb_text admin_label=&#8221;Domowe ognisko pe\u0142ne pierwotnej magii Text&#8221; _builder_version=&#8221;3.19.17&#8243;]<\/p>\n<h3>Domowe ognisko pe\u0142ne pierwotnej magii<\/h3>\n<p>Moi koledzy opowiadali kim zostan\u0105 jak dorosn\u0105: policjantami, stra\u017cakami, \u017co\u0142nierzami, lekarzami, kosmonautami, itp. Ja chcia\u0142em by\u0107 taki jak M\u00f3j Dziadek. Chcia\u0142em budowa\u0107 kominki. Po sko\u0144czeniu szko\u0142y pracowa\u0142em z Nim. Uczy\u0142 mnie dok\u0142adno\u015bci, dba\u0142o\u015bci o szczeg\u00f3\u0142y, jak poprawnie u\u017cywa\u0107 narz\u0119dzi, itp. T\u0142umaczy\u0142, \u017ce to co robimy to co\u015b wi\u0119cej ni\u017c tylko kominek, to Miejsce Spotka\u0144 Ca\u0142ej Rodziny, lub takie w kt\u00f3rym mo\u017cna siedzie\u0107 samotnie wpatruj\u0105c si\u0119 w ogie\u0144 i marzy\u0107.<\/p>\n<p>[\/et_pb_text][\/et_pb_column][et_pb_column type=&#8221;1_3&#8243; _builder_version=&#8221;3.0.47&#8243;][et_pb_image src=&#8221;https:\/\/fireplace-installation.co.uk\/pol\/wp-content\/uploads\/2018\/04\/Mariusz-Kempka-MK-Fireplace.jpg&#8221; show_bottom_space=&#8221;off&#8221; align=&#8221;center&#8221; _builder_version=&#8221;3.19.1&#8243; border_radii=&#8221;on|6px|6px|6px|6px&#8221; box_shadow_style=&#8221;preset1&#8243; custom_margin=&#8221;25px|25px|25px|25px&#8221; custom_padding=&#8221;||||false&#8221;][\/et_pb_image][\/et_pb_column][\/et_pb_row][et_pb_row custom_padding=&#8221;0|0px|27px|0px|false|false&#8221; _builder_version=&#8221;3.22.3&#8243;][et_pb_column type=&#8221;4_4&#8243; _builder_version=&#8221;3.0.47&#8243;][et_pb_text admin_label=&#8221;My\u015bla\u0142em, \u017ce tak ju\u017c b\u0119dzie zawsze Text&#8221; _builder_version=&#8221;3.19.17&#8243;]<\/p>\n<p>My\u015bla\u0142em, \u017ce tak ju\u017c b\u0119dzie zawsze. Niestety po kilku latach Dziadek zacz\u0105\u0142 mie\u0107 problemy ze zdrowiem, \u015bwiat si\u0119 zmienia\u0142 i sama praca te\u017c si\u0119 zmieni\u0142a. Zadowoleni Klienci nadal zachwycali si\u0119 jako\u015bci\u0105 komink\u00f3w, ale o zlecenia by\u0142o coraz trudniej.<\/p>\n<blockquote>\n<p>Coraz cz\u0119\u015bciej zacz\u0105\u0142em zadawa\u0107 sobie pytanie: <strong>Kto potrzebuje kominka w dobie centralnego ogrzewania? <\/strong><\/p>\n<\/blockquote>\n<p>Min\u0119\u0142y kolejne dwa lata, ale mimo moich usilnych pr\u00f3b nasza sytuacja nie poprawia\u0142a si\u0119 i zacz\u0105\u0142em traci\u0107 wiar\u0119 w to, co robi\u0142em.<\/p>\n<p>[\/et_pb_text][\/et_pb_column][\/et_pb_row][et_pb_row _builder_version=&#8221;3.22.3&#8243;][et_pb_column type=&#8221;2_3&#8243; _builder_version=&#8221;3.0.47&#8243;][et_pb_text admin_label=&#8221;Pom\u00f3g\u0142 mi internet i nowe technologie Text&#8221; _builder_version=&#8221;3.19.17&#8243;]<\/p>\n<h2>Pom\u00f3g\u0142 mi internet i nowe technologie<\/h2>\n<p>Reklamy w internecie i przesy\u0142anie zdj\u0119\u0107 na r\u00f3\u017cne portale internetowe stopniowo przynios\u0142y mi nowe zam\u00f3wienia. Zn\u00f3w zdobywa\u0142em nowych, zadowolonych Klient\u00f3w, a ci z kolei polecali mnie kolejnym. Karta si\u0119 odwr\u00f3ci\u0142a.<\/p>\n<p>Postawi\u0142em na rozw\u00f3j. Z zarabianych pieni\u0119dzy wi\u0119ksz\u0105 cz\u0119\u015b\u0107 przeznaczy\u0142em na kursy zawodowe <strong><a href=\"https:\/\/www.hetas.co.uk\/professionals\/standards\/\">HETAS Certificate of Compliance<\/a><\/strong>, itp.<\/p>\n<p>Zainwestowa\u0142em w nowoczesne narz\u0119dzia i technologie <strong><a href=\"https:\/\/www.rotarypowersweeping.co.uk\/snaplok-kit\/\">Rotary Power Sweeping SnapLok<\/a><\/strong>.<\/p>\n<p>Aby by\u0107 na bie\u017c\u0105co z obecnymi trendami, regularnie bior\u0119 udzia\u0142 w szkoleniach, odwiedzam targi bran\u017cowe takie jak <strong><a href=\"https:\/\/nacs.org.uk\/exhibition\/\">NACS<\/a><\/strong> w Stratford upon Avon, itp.<\/p>\n<p>Od tego czasu up\u0142yn\u0119\u0142o ju\u017c kilka lat. Moja firma MK Solutions ci\u0105gle rozwija si\u0119, a ja robi\u0119 to co lubi\u0119 &#8211; buduje klasyczne i nowoczesne kominki dla kolejnych, zadowolonych Klient\u00f3w.<\/p>\n<p>[\/et_pb_text][\/et_pb_column][et_pb_column type=&#8221;1_3&#8243; _builder_version=&#8221;3.0.47&#8243;][et_pb_image src=&#8221;https:\/\/fireplace-installation.co.uk\/pol\/wp-content\/uploads\/2018\/07\/hetas-certs-mk-solution-mariusz-kempka.jpg&#8221; show_bottom_space=&#8221;off&#8221; align=&#8221;center&#8221; _builder_version=&#8221;3.9&#8243; background_color=&#8221;#DFD0A9&#8243; border_radii=&#8221;on|6px|6px|6px|6px&#8221; box_shadow_style=&#8221;preset1&#8243; animation_style=&#8221;flip&#8221;][\/et_pb_image][\/et_pb_column][\/et_pb_row][et_pb_row module_class=&#8221; et_pb_row_fullwidth et_pb_row_fullwidth et_pb_row_fullwidth&#8221; _builder_version=&#8221;3.22.3&#8243; background_color=&#8221;rgba(0,0,0,0.16)&#8221; border_radii=&#8221;on|8px|8px|8px|8px&#8221; width=&#8221;89%&#8221; width_tablet=&#8221;80%&#8221; width_last_edited=&#8221;on|desktop&#8221; max_width=&#8221;89%&#8221; max_width_tablet=&#8221;80%&#8221; max_width_last_edited=&#8221;on|desktop&#8221; module_alignment=&#8221;center&#8221; make_fullwidth=&#8221;on&#8221;][et_pb_column type=&#8221;1_3&#8243; _builder_version=&#8221;3.0.47&#8243;][et_pb_image src=&#8221;https:\/\/fireplace-installation.co.uk\/pol\/wp-content\/uploads\/2018\/06\/Heatas.jpg&#8221; align=&#8221;center&#8221; _builder_version=&#8221;3.9&#8243; border_radii=&#8221;on|6px|6px|6px|6px&#8221; box_shadow_style=&#8221;preset1&#8243;][\/et_pb_image][\/et_pb_column][et_pb_column type=&#8221;1_3&#8243; _builder_version=&#8221;3.0.47&#8243;][et_pb_image src=&#8221;https:\/\/fireplace-installation.co.uk\/pol\/wp-content\/uploads\/2018\/06\/rotaty-power-sweeping.jpg&#8221; align=&#8221;center&#8221; _builder_version=&#8221;3.9&#8243; border_radii=&#8221;on|6px|6px|6px|6px&#8221; box_shadow_style=&#8221;preset1&#8243;][\/et_pb_image][\/et_pb_column][et_pb_column type=&#8221;1_3&#8243; _builder_version=&#8221;3.0.47&#8243;][et_pb_image src=&#8221;https:\/\/fireplace-installation.co.uk\/pol\/wp-content\/uploads\/2018\/06\/always-insured.jpg&#8221; align=&#8221;center&#8221; _builder_version=&#8221;3.9&#8243; border_radii=&#8221;on|6px|6px|6px|6px&#8221; box_shadow_style=&#8221;preset1&#8243;][\/et_pb_image][\/et_pb_column][\/et_pb_row][et_pb_row _builder_version=&#8221;3.22.3&#8243; background_size=&#8221;initial&#8221; background_position=&#8221;top_left&#8221; background_repeat=&#8221;repeat&#8221;][et_pb_column type=&#8221;4_4&#8243; _builder_version=&#8221;3.0.47&#8243;][et_pb_text admin_label=&#8221;W mojej pracy klasyka cz\u0119sto walczy ze wsp\u00f3\u0142czesnymi stylami Text&#8221; _builder_version=&#8221;3.19.17&#8243;]<\/p>\n<h3>\u00a0<\/h3>\n<h3>W mojej pracy klasyka cz\u0119sto walczy ze wsp\u00f3\u0142czesnymi stylami, ale ostatecznie zwyci\u0119\u017ca <strong>solidno\u015b\u0107<\/strong>, <strong>pi\u0119kno<\/strong> i <strong>bezpiecze\u0144stwo<\/strong>.<\/h3>\n<p><img loading=\"lazy\" class=\"size-medium wp-image-175 alignright\" src=\"https:\/\/fireplace-installation.co.uk\/pol\/wp-content\/uploads\/2018\/04\/podpis-300x64.png\" alt=\"\" width=\"300\" height=\"64\" srcset=\"https:\/\/fireplace-installation.co.uk\/pol\/wp-content\/uploads\/2018\/04\/podpis-300x64.png 300w, https:\/\/fireplace-installation.co.uk\/pol\/wp-content\/uploads\/2018\/04\/podpis.png 741w\" sizes=\"(max-width: 300px) 100vw, 300px\" \/><\/p>\n<p>[\/et_pb_text][\/et_pb_column][\/et_pb_row][\/et_pb_section][et_pb_section fb_built=&#8221;1&#8243; fullwidth=&#8221;on&#8221; _builder_version=&#8221;3.22.3&#8243; bottom_divider_style=&#8221;slant2&#8243; bottom_divider_color=&#8221;#d4b17b&#8221;][et_pb_fullwidth_header header_fullscreen=&#8221;on&#8221; button_one_text=&#8221;Nasze Prace&#8221; button_one_url=&#8221;https:\/\/fireplace-installation.co.uk\/pol\/pl\/mk-solutions-nasze-prace\/&#8221; background_overlay_color=&#8221;rgba(0,0,0,0.23)&#8221; admin_label=&#8221;Zapraszamy do zapoznania si\u0119 z nasz\u0105 ofert\u0105 Fullwidth Header&#8221; _builder_version=&#8221;3.22.7&#8243; content_font=&#8221;|700|||||||&#8221; content_text_align=&#8221;left&#8221; content_text_color=&#8221;#ffffff&#8221; content_font_size=&#8221;38px&#8221; content_line_height=&#8221;1.2em&#8221; content_text_shadow_style=&#8221;preset5&#8243; content_text_shadow_color=&#8221;rgba(0,0,0,0.52)&#8221; background_color=&#8221;rgba(0,0,0,0.3)&#8221; background_image=&#8221;https:\/\/fireplace-installation.co.uk\/pol\/wp-content\/uploads\/2019\/04\/www.mkfireplace.co_.uk-01.jpg&#8221; parallax=&#8221;on&#8221; child_filter_brightness=&#8221;50%&#8221; child_filter_contrast=&#8221;74%&#8221; animation_style=&#8221;fade&#8221; text_shadow_style=&#8221;preset5&#8243; text_shadow_color=&#8221;rgba(0,0,0,0.56)&#8221; button_one_text_size__hover_enabled=&#8221;off&#8221; button_one_text_size__hover=&#8221;null&#8221; button_two_text_size__hover_enabled=&#8221;off&#8221; button_two_text_size__hover=&#8221;null&#8221; button_one_text_color__hover_enabled=&#8221;off&#8221; button_one_text_color__hover=&#8221;null&#8221; button_two_text_color__hover_enabled=&#8221;off&#8221; button_two_text_color__hover=&#8221;null&#8221; button_one_border_width__hover_enabled=&#8221;off&#8221; button_one_border_width__hover=&#8221;null&#8221; button_two_border_width__hover_enabled=&#8221;off&#8221; button_two_border_width__hover=&#8221;null&#8221; button_one_border_color__hover_enabled=&#8221;off&#8221; button_one_border_color__hover=&#8221;null&#8221; button_two_border_color__hover_enabled=&#8221;off&#8221; button_two_border_color__hover=&#8221;null&#8221; button_one_border_radius__hover_enabled=&#8221;off&#8221; button_one_border_radius__hover=&#8221;null&#8221; button_two_border_radius__hover_enabled=&#8221;off&#8221; button_two_border_radius__hover=&#8221;null&#8221; button_one_letter_spacing__hover_enabled=&#8221;on&#8221; button_one_letter_spacing__hover=&#8221;0&#8243; button_two_letter_spacing__hover_enabled=&#8221;on&#8221; button_two_letter_spacing__hover=&#8221;0&#8243; button_one_bg_color__hover_enabled=&#8221;off&#8221; button_one_bg_color__hover=&#8221;null&#8221; button_two_bg_color__hover_enabled=&#8221;off&#8221; button_two_bg_color__hover=&#8221;null&#8221;]<\/p>\n<p>Zapoznaj si\u0119 z nasz\u0105 ofert\u0105!<\/p>\n<p>[\/et_pb_fullwidth_header][\/et_pb_section][et_pb_section fb_built=&#8221;1&#8243; _builder_version=&#8221;3.19.17&#8243; background_color=&#8221;#e2d4b1&#8243; custom_padding=&#8221;54px|0px|6px|0px|false|false&#8221; bottom_divider_style=&#8221;slant2&#8243; bottom_divider_color=&#8221;#D4B17B&#8221; bottom_divider_height=&#8221;46px&#8221; global_module=&#8221;1445&#8243;][et_pb_row custom_padding=&#8221;27px|0px|0|0px|false|false&#8221; padding_bottom_1=&#8221;22px&#8221; _builder_version=&#8221;3.22.3&#8243;][et_pb_column type=&#8221;4_4&#8243; _builder_version=&#8221;3.0.47&#8243;][et_pb_text admin_label=&#8221;Nasze oddzia\u0142y: Text&#8221; _builder_version=&#8221;3.19.17&#8243; background_color=&#8221;#DAC198&#8243; custom_margin=&#8221;|-20px||-20px&#8221; custom_padding=&#8221;10px|||10px&#8221;]<\/p>\n<h2>Nasze oddzia\u0142y:<\/h2>\n<p>[\/et_pb_text][\/et_pb_column][\/et_pb_row][et_pb_row _builder_version=&#8221;3.22.3&#8243; background_size=&#8221;initial&#8221; background_position=&#8221;top_left&#8221; background_repeat=&#8221;repeat&#8221;][et_pb_column type=&#8221;1_6&#8243; _builder_version=&#8221;3.0.47&#8243;][et_pb_text admin_label=&#8221;B33 9TN Text&#8221; _builder_version=&#8221;3.19.17&#8243;]<\/p>\n<p><b>MK Solutions<\/b><br \/>\n<a href=\"https:\/\/g.co\/kgs\/zhG56k\"><b>Birmingham<\/b><\/a><br \/>\n68 Fordfield Rd<br \/>\nBirmingham<br \/>\nB33 9TN<\/p>\n<p>[\/et_pb_text][\/et_pb_column][et_pb_column type=&#8221;1_6&#8243; _builder_version=&#8221;3.0.47&#8243;][et_pb_text admin_label=&#8221;B23 7RQ Text&#8221; _builder_version=&#8221;3.19.17&#8243;]<\/p>\n<p><b>MK Solutions<\/b><br \/>\n<a href=\"https:\/\/g.co\/kgs\/xGof1p\"><b>Birmingham<\/b><\/a><br \/>\n11 St Thomas&#8217; Rd<br \/>\nBirmingham<br \/>\nB23 7RQ<\/p>\n<p>[\/et_pb_text][\/et_pb_column][et_pb_column type=&#8221;1_6&#8243; _builder_version=&#8221;3.0.47&#8243;][et_pb_text admin_label=&#8221;WR5 1LF Text&#8221; _builder_version=&#8221;3.19.17&#8243;]<\/p>\n<p><b>MK Solutions<\/b><br \/>\n<a href=\"https:\/\/g.co\/kgs\/HLqHeB\"><b>Worcester<\/b><\/a><br \/>\n1 Dart Rd<br \/>\nWorcester<br \/>\nWR5 1LF<\/p>\n<p>[\/et_pb_text][\/et_pb_column][et_pb_column type=&#8221;1_6&#8243; _builder_version=&#8221;3.0.47&#8243;][et_pb_text admin_label=&#8221;B23 5UP Text&#8221; _builder_version=&#8221;3.19.17&#8243;]<\/p>\n<p><b>MK Solutions<\/b><br \/>\n<a href=\"https:\/\/g.co\/kgs\/1PjZUq\"><b>Birmingham<\/b><\/a><br \/>\n18 Haigh Crescent Apartments<br \/>\nBirmingham<br \/>\nB23 5UP<\/p>\n<p>[\/et_pb_text][\/et_pb_column][et_pb_column type=&#8221;1_6&#8243; _builder_version=&#8221;3.0.47&#8243;][\/et_pb_column][et_pb_column type=&#8221;1_6&#8243; _builder_version=&#8221;3.0.47&#8243;][\/et_pb_column][\/et_pb_row][\/et_pb_section]<\/p>\n","protected":false},"excerpt":{"rendered":"<p>[et_pb_section fb_built=&#8221;1&#8243; _builder_version=&#8221;3.22.3&#8243; background_color=&#8221;#DFD0A9&#8243; custom_margin=&#8221;0px||0px|&#8221;][et_pb_row use_custom_gutter=&#8221;on&#8221; gutter_width=&#8221;1&#8243; custom_padding=&#8221;27px|0px|27px|0&#8243; module_class=&#8221; et_pb_row_fullwidth et_pb_row_fullwidth et_pb_row_fullwidth&#8221; _builder_version=&#8221;3.22.3&#8243; background_color=&#8221;#DBC296&#8243; background_size=&#8221;initial&#8221; background_position=&#8221;top_left&#8221; background_repeat=&#8221;repeat&#8221; width=&#8221;100%&#8221; width_tablet=&#8221;100%&#8221; width_last_edited=&#8221;on|desktop&#8221; max_width=&#8221;100%&#8221; max_width_tablet=&#8221;100%&#8221; max_width_last_edited=&#8221;on|desktop&#8221; module_alignment=&#8221;center&#8221; animation_style=&#8221;slide&#8221; animation_direction=&#8221;left&#8221; make_fullwidth=&#8221;on&#8221;][et_pb_column type=&#8221;4_4&#8243; _builder_version=&#8221;3.0.47&#8243;][et_pb_text admin_label=&#8221;O Firmie Text&#8221; _builder_version=&#8221;3.19.17&#8243; header_font_size=&#8221;34px&#8221; header_text_shadow_style=&#8221;preset4&#8243;] O Firmie [\/et_pb_text][\/et_pb_column][\/et_pb_row][et_pb_row _builder_version=&#8221;3.22.3&#8243;][et_pb_column type=&#8221;4_4&#8243; _builder_version=&#8221;3.0.47&#8243;][et_pb_text admin_label=&#8221;Historia firmy MK Solutions zacz\u0119\u0142a si\u0119 dawno temu Text&#8221; _builder_version=&#8221;3.19.17&#8243;] Historia firmy MK Solutions\u00a0zacz\u0119\u0142a [&hellip;]<\/p>\n","protected":false},"author":4,"featured_media":0,"parent":0,"menu_order":0,"comment_status":"closed","ping_status":"open","template":"","meta":{"_et_pb_use_builder":"on","_et_pb_old_content":"","_et_gb_content_width":""},"_links":{"self":[{"href":"https:\/\/fireplace-installation.co.uk\/pol\/wp-json\/wp\/v2\/pages\/1494"}],"collection":[{"href":"https:\/\/fireplace-installation.co.uk\/pol\/wp-json\/wp\/v2\/pages"}],"about":[{"href":"https:\/\/fireplace-installation.co.uk\/pol\/wp-json\/wp\/v2\/types\/page"}],"author":[{"embeddable":true,"href":"https:\/\/fireplace-installation.co.uk\/pol\/wp-json\/wp\/v2\/users\/4"}],"replies":[{"embeddable":true,"href":"https:\/\/fireplace-installation.co.uk\/pol\/wp-json\/wp\/v2\/comments?post=1494"}],"version-history":[{"count":42,"href":"https:\/\/fireplace-installation.co.uk\/pol\/wp-json\/wp\/v2\/pages\/1494\/revisions"}],"predecessor-version":[{"id":2125,"href":"https:\/\/fireplace-installation.co.uk\/pol\/wp-json\/wp\/v2\/pages\/1494\/revisions\/2125"}],"wp:attachment":[{"href":"https:\/\/fireplace-installation.co.uk\/pol\/wp-json\/wp\/v2\/media?parent=1494"}],"curies":[{"name":"wp","href":"https:\/\/api.w.org\/{rel}","templated":true}]}}